 1. Determine u(s).
13
Suppose 4*k + 7 = -13. Suppose -2*w + 7*w - 10 = 0, -3*u + 5*w = 4. Let i(p) = -5*p - 13*p**u + 7 - 2 - 12*p**2 + 24*p**2. Determine i(k).
5
Let s(q) = -q**2 - 8*q + 10. Let d be 506/(-3) + (-22)/66. Let u = d + 159. Calculate s(u).
-10
Let x(i) = -7*i - 12*i**2 + 15*i + i + 2*i - i**3 + 18 - 9*i. Calculate x(-12).
-6
Let c(j) = -j**3 + j**2 + 4*j + 1. Let v be -13*(0 - (0 + -1)). Let k = -10 - v. Suppose 4*p - 35 = -7*y + 2*y, 0 = k*y - 3*p + 6. Give c(y).
-5
Let l(a) = 0*a**2 - 3 + 12*a - 18*a - 4*a + a**2 - 10*a**2 - 2*a**3. Give l(-2).
-3
Let w(t) = t**3 + 9*t**2 + 5*t - 17. Suppose k - 5*n + 43 = 0, -4*k = -n + 413 - 374. Determine w(k).
7
Let g(s) = -8*s + 3. Let x(h) = -41*h + 19. Let r be 9/18*-10 - -16. Let v(p) = r*g(p) - 2*x(p). What is v(5)?
-35
Let l(b) be the third derivative of b**6/120 - 7*b**5/30 - b**4/24 + 1067*b**2. Calculate l(14).
-14
Let z be 0*(-6 + 228/36). Let b(c) = -c - 6. Determine b(z).
-6
Let c(s) = 131*s**2 - 3*s - 6. Let k be c(0). Let x(d) = d**2 + 4*d - 22. Calculate x(k).
-10
Let k be (4*(-9)/(-5))/((-516)/(-60) - 9). Let l(v) = 2*v**2 + 31*v - 85. Give l(k).
5
Let w(a) = a**3 + 27*a**2 + 54*a + 1452. Let u be w(-27). Let z(t) = t**3 + 7*t**2 + 6*t - 2. What is z(u)?
-2
Let r(y) = y - 7. Let d be r(5). Let w(p) be the third derivative of 0 + 6*p**2 - 1/2*p**3 - 12*p - 1/12*p**4. Determine w(d).
1
Let k be 2 - (5/2 - 1/2). Let y(v) = -v + 16. Let r be y(k). Let l(f) = 8 + 9 - r + 9*f + f**2. Determine l(-8).
-7
Let c(i) be the first derivative of -i**5/20 + 2*i**4/3 - 5*i**3/3 + 4*i**2 + 51*i + 50. Let d(a) be the first derivative of c(a). Calculate d(7).
-13
Let f(z) = 3*z**3 - 17*z**2 - 34*z + 32. Let y be f(7). Let d(o) = 2*o**3 + 18*o**2 - 19*o + 13. Give d(y).
3
Let s = 119 + -93. Let k(j) = -50*j + 26*j - 1 + s*j. What is k(-7)?
-15
Let b(u) = u**2 + 4*u + 4. Let w(v) = v**2 + 5*v + 3. Let s = -30 - -33. Suppose 0 = -5*j + s*j - 6. Let k(m) = j*w(m) + 2*b(m). Give k(-6).
5
Suppose 10*w + 16 = 12*w. Suppose 59 = w*n - 85. Let v(q) = -32*q + n*q + 31*q. What is v(1)?
17
Let p = 9 + -5. Let n(d) = 3*d + 104*d**2 + 4 - 316*d**2 + 113*d**2 - 1 + 98*d**2. Give n(p).
-1
Let z(q) be the second derivative of -9*q**3/2 - 179*q**2/2 - 317*q + 15. Calculate z(-6).
-17
Let w(q) be the first derivative of q**2/2 - q - 1007. Suppose -19*m + 17*m = 2. Determine w(m).
-2
Let t(c) be the second derivative of c**5/20 + 5*c**4/3 - 13*c**3/3 - 115*c**2/2 + 1092*c - 1. Determine t(-21).
-10
Let k(a) be the third derivative of 11*a**4/24 + 910*a**2 + 1. Give k(-5).
-55
Let g(q) = 2*q**2 - 4*q - 22. Let p = -1387 + 1394. Calculate g(p).
48
Suppose c = 5*c - 28. Let t(g) be the second derivative of -3/2*g**2 + 178*g + 0 + 1/20*g**5 - 1/2*g**4 - 4/3*g**3. What is t(c)?
-10
Let u(g) = -g**2 + 4*g - 4. Suppose 2*z - 7*z = -15. Let f be u(z). Let x(c) = -c - 3. Let r(o) = 2. Let i(a) = -2*r(a) - x(a). Give i(f).
-2
Let m(g) = 140*g - 99. Let p(i) = 59*i - 40. Let s(f) = 5*m(f) - 12*p(f). Determine s(-5).
25
Let t = -4669 + 4679. Let k(r) = -r**2 + 14*r - 6. What is k(t)?
34
Let y(q) = -2*q + 6. Let u be 7056/33 + 4/22. Let h = u + -208. Determine y(h).
-6
Let t(z) = z**3 + 16*z**2 - 20*z + 10. Let h(w) = w**2 + 107*w + 2713. Let o be h(-65). What is t(o)?
61
Let v(d) = 60609 - 30315 + 3*d - 30306. Suppose -5*k - 11 + 1 = -2*f, -4*f + k = -20. Give v(f).
3
Let d(p) = -396*p. Let f be d(-1). Let g be (f/90)/(4/(-10)). Let r(m) = -m**3 - 12*m**2 - 14*m - 12. What is r(g)?
21
Let p(g) be the second derivative of -g**4/12 + g**3/6 + 17*g**2 + 126*g - 17. Calculate p(-5).
4
Let x(c) be the third derivative of -c**5/30 - c**4/3 + 7*c**3/6 - 3*c**2 + 11*c. Let r(d) = 5*d**2 + 24*d - 21. Let m(y) = 3*r(y) + 8*x(y). Give m(7).
0
Let d(u) be the third derivative of -u**5/15 + u**3/6 - 7*u**2. Suppose -12*b = 32 - 92. Suppose 5*o + 0*o - 21 = t, -b*t - 1 = o. Give d(t).
-3
Suppose -3*s - 18 = t, 0 = 4*t - s - 9 + 55. Let y(n) = 11*n - 13. Let o(i) = 8*i - 13. Let f(g) = 3*o(g) - 2*y(g). Give f(t).
-37
Suppose -5*v = 4*n - 19, 0 = 5*n - 2 - 3. Let t(o) = -o - 8*o + o**2 + v*o + 4. Suppose 2*r - 5*p + 2 = 0, 3*r + r - 2*p = 12. Give t(r).
-4
Suppose 0 = -2*g + 3 - 21. Let k = g + 3. Let h(f) = 7*f + 21. Let r(t) = -6*t - 18. Let j(s) = 5*h(s) + 6*r(s). Calculate j(k).
3
Let n = -2827 - -2829. Let h(s) = -3*s**3 + 3*s**2 - 5*s + 1. Determine h(n).
-21
Let w(m) be the first derivative of m**3/3 - 2*m**2 + 12*m - 6504. Determine w(2).
8
Let c(x) = -24*x**2 - 53*x + 3. Let g(t) = -3*t**2 - 4*t. Let i(y) = c(y) - 7*g(y). Determine i(-11).
-85
Suppose -9*k = 5*k - 8064. Let r = k - 580. Let v(m) = -m**2 - 7*m - 6. What is v(r)?
6
Suppose -2*t + 5*d + 21 = 0, -47*t = -52*t - 3*d + 6. Let u(k) = 7*k - 21. Determine u(t).
0
Let x(d) = 1. Let b(z) = -18*z - 5. Let q(k) = b(k) + 4*x(k). Suppose 5*c = -1171*g + 1174*g + 25, 4*g + 14 = -3*c. Calculate q(c).
-37
Let f(b) be the second derivative of -5*b**3/6 - 24*b**2 - 2748*b + 1. Calculate f(-8).
-8
Let p(i) = -3*i**2 + i + 4. Let s(v) = -v**3 + 7*v**2 + 35*v - 220. Let c be s(8). What is p(c)?
-48
Let l(s) = 16*s - 6*s - 14*s + 11 - s. Calculate l(9).
-34
Let x(f) be the first derivative of f**3/3 - 3*f**2/2 - 7*f - 1621. Give x(-3).
11
Let o(t) = -t - 7. Let q be o(-6). Let b(f) = -f - 6. Let s(x) = -x - 3. Let c(p) = q*b(p) + 4*s(p). Give c(5).
-21
Let v(u) = 2*u**3 + u**2 + 4*u + 92. Let y(q) = -q**3 - 2*q - 46. Let h(m) = 2*v(m) + 5*y(m). Give h(0).
-46
Let j(r) = 14*r**3 + r**2 + r + 1. Let p(w) = -4*w**2 - 90*w + 1. Let g be p(-21). Suppose -g*z = -102*z + 25. What is j(z)?
-13
Suppose -17*x + 67 - 169 = 0. Let z(m) = -11*m - 87. Determine z(x).
-21
Let w(u) be the second derivative of 0*u**2 + 0*u**3 + 0 - 5*u + 1/2*u**4 + 7/120*u**5 - 1/180*u**6. Let d(v) be the third derivative of w(v). Determine d(-5).
27
Let p(w) = 2*w**2 - 6*w + 4. Suppose 11*k = -3*k + 210. Suppose 16*z = k*z + 4. Determine p(z).
12
Let v(m) = -m**3 + 8*m**2 - 10*m + 9. Let u(y) = -5*y + 27. Let j be u(5). Suppose -4*i - 86 = -2*l, 4*i - j*l + 5*l + 101 = 0. Let a = 30 + i. What is v(a)?
-12
Let x(o) = -o. Let s = 82 - 77. Suppose 55 = s*c + 80. What is x(c)?
5
Let s(i) = -3*i**3 - 3*i**2 + i + 5. Suppose 155*j = 105 - 415. Calculate s(j).
15
Suppose -11*x - 26*x = -407. Let t(y) = -y**3 + 12*y**2 - 12*y + 18. Determine t(x).
7
Let t(x) = -2*x - 10. Let m(n) = n + 5. Let g(h) = 5*m(h) + 2*t(h). Suppose 204 = 17*z + 289. What is g(z)?
0
Let q = 215 + -212. Let z(j) = 1 - 57*j + 113*j - 57*j. Calculate z(q).
-2
Let i(j) = -4*j + 4*j**2 + 4 - 2*j - j**2 - 4*j**2. Let s(a) = -19*a**3 - 7*a + 6. Let f be s(1). Let z = f + 13. What is i(z)?
-3
Suppose -5 = -3*h - 14. Let r(b) = 418 + 5*b + 330 - 752. Determine r(h).
-19
Let n(s) = -s**3 + 6*s - 4. Let h(z) = -2*z**3 - z**2 + 11*z - 8. Let q(g) = -3*h(g) + 5*n(g). Suppose 5*f + 36 = b, -f = -416*b + 413*b - 4. Give q(b).
0
Let i(a) = 2*a**3 + 7*a**2 - a - 5. Suppose 29 = -3*b + 4*y, 5 = -13*b + 8*b - 2*y. Determine i(b).
7
Let k(z) = -30 - 2*z**2 + 333*z + 330*z - 660*z + 26. What is k(4)?
-24
Let w(y) be the first derivative of -3*y**4/2 - 2*y**3/3 - y**2/2 + y + 67. Let q(h) = -2*h**3 - h**2 + h. Let c(i) = -2*q(i) + w(i). Give c(2).
-21
Suppose -3 + 11 = 8*m. Let c be 4/2 + -3 + (-3 - m). Let z(i) = i**3 + 5*i**2 - 3*i - 2. Calculate z(c).
13
Let u(p) = 211952*p - p**2 - 175 - 105995*p - 105999*p - 99. Give u(-8).
-2
Suppose 3*o - 18 = 6*q - 3*q, 0 = -5*o - 4*q + 3. Let g(w) = 4*w + 5 - 2 + 0. What is g(o)?
15
Let y(r) = 2*r**3 - 3*r**2 - 3*r - 6. Let i = 26 + -23. Let c(d) = d**3 + 0 + 5*d**i - 5*d**3 - 3 - d - d**2. Let w(g) = 7*c(g) - 4*y(g). Give w(6).
-3
Let g(q) be the third derivative of -q**5/30 + q**4/6 + 47*q**3/6 - 1840*q**2. What is g(6)?
-1
Suppose 0 = 14*w - 94 - 3602. Suppose 21*k = -23*k - w. Let h(x) = 4*x + 7. Let l(f) = f. Let t(c) = h(c) - 5*l(c). What is t(k)?
13
Let v be (-6)/(-9)*(-5 - -2). Let o(u) = -26*u**3 + 7*u**2 - 19*u - 15. Let h(c) = 19*c**3 - 5*c**2 + 14*c + 11. Let z(f) = -11*h(f) - 8*o(f). Calculate z(v).
7
Let i(b) = -3 + 8*b - 10*b + 2 + 5*b. Suppose -5*s = y - 58, 2*y + 0*s = -3*s + 88. Let w = 43 - y. Calculate i(w).
14
Let d(g) = 3*g**2 + 2*g + 1. Let h = -10 - -12. Let p be 3/(9/33) - h. Let q(b) = -2*b + 17. Let